{"id":814,"date":"2021-12-09T18:07:58","date_gmt":"2021-12-09T17:07:58","guid":{"rendered":"https:\/\/phillipsmedisize.pl\/?page_id=13"},"modified":"2024-12-05T14:29:06","modified_gmt":"2024-12-05T13:29:06","slug":"o-nas","status":"publish","type":"page","link":"https:\/\/phillipsmedisize.pl\/phillips\/o-nas\/","title":{"rendered":"O nas"},"content":{"rendered":"\n<p><a href=\"https:\/\/www.phillipsmedisize.com\/\">Phillips Medisize<\/a>, dywizja medyczna i farmaceutyczna nale\u017c\u0105ca do <a href=\"https:\/\/www.molex.com\/molex\/home\" target=\"_blank\" rel=\"noreferrer noopener\">Molex<\/a>, b\u0119d\u0105ca cz\u0119\u015bci\u0105 grupy <a href=\"https:\/\/www.kochind.com\/\" target=\"_blank\" rel=\"noreferrer noopener\">Koch Industries<\/a>, cieszy si\u0119 zaufaniem klient\u00f3w od prawie 60 lat. Phillips-Medisize jest jednym z wiod\u0105cych globalnych dostawc\u00f3w innowacyjnych produkt\u00f3w i rozwi\u0105za\u0144 dla bran\u017cy farmaceutycznej, urz\u0105dze\u0144 medycznych i diagnostyki. Firma zatrudnia ponad 5 000 pracownik\u00f3w w 36 lokalizacjach w 11 krajach.<\/p>\n\n\n\n<p>Dzia\u0142amy jako jeden zintegrowany partner na rzecz naszych klient\u00f3w, co pozwala nam ogranicza\u0107 ryzyko oraz szybko i skutecznie opracowywa\u0107 nowe produkty. Przygotowywane i wdra\u017cane przez nas innowacyjne rozwi\u0105zania znacz\u0105co poprawiaj\u0105 jako\u015b\u0107 \u017cycia milion\u00f3w ludzi na ca\u0142ym \u015bwiecie.<\/p>\n\n\n\n<p>W sierpniu 2019 roku zosta\u0142a za\u0142o\u017cona sp\u00f3\u0142ka Phillips-Medisize Poland sp. z o.o. Aktualnie prowadzone s\u0105 intensywne dzia\u0142ania zwi\u0105zane z przygotowaniem rozpocz\u0119cia inwestycji w postaci budowy zak\u0142adu produkcyjnego w Siemianowicach \u015al\u0105skich ko\u0142o Katowic.<\/p>\n\n\n\n<div style=\"height:50px\" aria-hidden=\"true\" class=\"wp-block-spacer\"><\/div>\n\n\n\n<div class=\"wp-block-columns is-layout-flex wp-container-3\">\n<div class=\"wp-block-column is-layout-flow\"><div class=\"wp-block-image\">\n<figure class=\"aligncenter size-full\"><a href=\"https:\/\/www.phillipsmedisize.com\/\" target=\"_blank\" rel=\"noreferrer noopener\"><img decoding=\"async\" loading=\"lazy\" width=\"277\" height=\"139\" src=\"https:\/\/phillipsmedisize.pl\/phillips\/wp-content\/uploads\/sites\/2\/2021\/12\/Obraz2.jpg\" alt=\"\" class=\"wp-image-174\" \/><\/a><\/figure><\/div><\/div>\n\n\n\n<div class=\"wp-block-column is-layout-flow\"><div class=\"wp-block-image\">\n<figure class=\"aligncenter size-full\"><a href=\"https:\/\/www.molex.com\/en-us\/home\" target=\"_blank\" rel=\"noreferrer noopener\"><img decoding=\"async\" loading=\"lazy\" width=\"281\" height=\"74\" src=\"https:\/\/phillipsmedisize.pl\/phillips\/wp-content\/uploads\/sites\/2\/2021\/12\/Obraz3.png\" alt=\"\" class=\"wp-image-175\" \/><\/a><\/figure><\/div><\/div>\n<\/div>\n\n\n\n<div class=\"wp-block-columns is-layout-flex wp-container-6\">\n<div class=\"wp-block-column is-layout-flow\"><div class=\"wp-block-image\">\n<figure class=\"aligncenter size-medium\"><img decoding=\"async\" loading=\"lazy\" width=\"300\" height=\"80\" src=\"https:\/\/phillipsmedisize.pl\/phillips\/wp-content\/uploads\/sites\/2\/2021\/12\/Obraz4-300x80.jpg\" alt=\"\" class=\"wp-image-176\" srcset=\"https:\/\/phillipsmedisize.pl\/phillips\/wp-content\/uploads\/sites\/2\/2021\/12\/Obraz4-300x80.jpg 300w, https:\/\/phillipsmedisize.pl\/phillips\/wp-content\/uploads\/sites\/2\/2021\/12\/Obraz4.jpg 505w\" sizes=\"(max-width: 300px) 100vw, 300px\" \/><\/figure><\/div><\/div>\n\n\n\n<div class=\"wp-block-column is-layout-flow\"><div class=\"wp-block-image\">\n<figure class=\"aligncenter size-full\"><img decoding=\"async\" loading=\"lazy\" width=\"634\" height=\"158\" src=\"https:\/\/phillipsmedisize.pl\/phillips\/wp-content\/uploads\/sites\/2\/2021\/12\/Obraz5.jpg\" alt=\"\" class=\"wp-image-177\" srcset=\"https:\/\/phillipsmedisize.pl\/phillips\/wp-content\/uploads\/sites\/2\/2021\/12\/Obraz5.jpg 634w, https:\/\/phillipsmedisize.pl\/phillips\/wp-content\/uploads\/sites\/2\/2021\/12\/Obraz5-300x75.jpg 300w\" sizes=\"(max-width: 634px) 100vw, 634px\" \/><\/figure><\/div><\/div>\n<\/div>\n\n\n\n<h2 class=\"wp-block-heading\"><strong>Kluczowe informacje na temat Phillips-Medisize:<\/strong><\/h2>\n\n\n\n<ul>\n<li>Pocz\u0105tki naszej dzia\u0142alno\u015bci w Stanach Zjednoczonych si\u0119gaj\u0105 1964 roku<\/li>\n\n\n\n<li>Ponad 5 000 pracownik\u00f3w na ca\u0142ym \u015bwiecie<\/li>\n\n\n\n<li>36 lokalizacji w 11 krajach, w tym centra badawczo-rozwojowe w USA, Europie i Azji<\/li>\n\n\n\n<li>Ponad 185&nbsp;000 metr\u00f3w kwadratowych powierzchni produkcyjnej<\/li>\n\n\n\n<li>Pomieszczenia sterylne klasy 7. i 8. do bada\u0144 i produkcji oraz dobrze wyposa\u017cone narz\u0119dziownie wspomagaj\u0105ce utrzymanie maszyn i form wtryskowych.<\/li>\n<\/ul>\n\n\n\n<h2 class=\"wp-block-heading\"><strong>Realnie zmieniamy \u015bwiat<\/strong><\/h2>\n\n\n\n<p>Wsp\u00f3\u0142praca z Phillips-Medisize to dla naszych Klient\u00f3w najlepsza gwarancja szybkiego wprowadzania na rynek produkt\u00f3w, kt\u00f3re zmieniaj\u0105 \u017cycie u\u017cytkownik\u00f3w.<\/p>\n\n\n\n<p>Dzi\u0119ki naszym innowacyjnym technologiom tylko w ci\u0105gu jednego tylko roku pomogli\u015bmy:<\/p>\n\n\n\n<ul>\n<li>Zadba\u0107 o zdrowie 10 milion\u00f3w pacjent\u00f3w z cukrzyc\u0105 dzi\u0119ki testom przeprowadzanym w warunkach domowych<\/li>\n\n\n\n<li>Rzuci\u0107 palenie 4 milionom os\u00f3b<\/li>\n\n\n\n<li>Przeprowadzi\u0107 2 miliony operacji sercowo-naczyniowych<\/li>\n\n\n\n<li>Skorzysta\u0107 70 milionom kobiet z bada\u0144 przesiewowych w zakresie badania raka szyjki macicy<\/li>\n\n\n\n<li>Przebada\u0107 4 miliony os\u00f3b na obecno\u015b\u0107 COVID-19<\/li>\n<\/ul>\n\n\n\n<h2 class=\"wp-block-heading\"><strong>Synergia wewn\u0105trz grupy<\/strong><\/h2>\n\n\n\n<p>Wykorzystujemy wszechstronne mo\u017cliwo\u015bci technologiczne naszej firmy macierzystej Molex, kt\u00f3ra na globalnym rynku jest cz\u0119\u015bci\u0105 Koch Industries. Synergia pomi\u0119dzy naszymi przedsi\u0119biorstwami pozwala podnosi\u0107 poziom innowacyjno\u015bci, zapewnia odpowiedni\u0105 skal\u0119 dzia\u0142a\u0144 oraz umo\u017cliwia eliminowanie problem\u00f3w zwi\u0105zanych z procesem rozwoju produkt\u00f3w.<\/p>\n\n\n<div class=\"b_img_txt \n \nadd__bg \n     \">\n    <div class=\"b_img_txt__img \">\n        <div class=\"add__mask\">\n            <img decoding=\"async\" src=\"https:\/\/phillipsmedisize.pl\/phillips\/wp-content\/uploads\/sites\/2\/2022\/02\/shutterstock_1335730970.jpg\" class=\"img-fluid desktop\"\/>\n            <img decoding=\"async\" src=\"https:\/\/phillipsmedisize.pl\/phillips\/wp-content\/uploads\/sites\/2\/2022\/02\/shutterstock_1335730970-1.jpg\" class=\"img-fluid mobile\"\/>\n        <\/div>\n    <\/div>\n    <div class=\"b_img_txt__txt \">\n        <h2>Kluczowa rola synergii w ramach globalnej grupy Koch Industries<\/h2>\n        <p><p>Mo\u017cliwo\u015b\u0107 koordynacji dzia\u0142a\u0144 w ramach globalnej grupy Koch Industries pozwala sp\u00f3\u0142ce Phillips-Medisize na realizacj\u0119 zak\u0142adanych cel\u00f3w biznesowych. Dzi\u0119ki wsp\u00f3\u0142pracy o sta\u0142ym charakterze, w zale\u017cno\u015bci od potrzeb, mo\u017cemy zwi\u0119ksza\u0107 skal\u0119 produkcji i dostarcza\u0107 innowacyjne produkty na czas, przy zachowaniu najwy\u017cszych standard\u00f3w jako\u015bci.<\/p>\n<\/p>\n                    <a href=\"https:\/\/phillipsmedisize.pl\/phillips\/o-nas\/kluczowa-rola-synergii-w-ramach-globalnej-grupy-koch-industries\/\" class=\"b_img_link\" alt=\"przejd\u017a do Czytaj dalej\">\n                Czytaj dalej            <\/a>\n            <\/div>\n<\/div>\n\n\n\n<div style=\"height:36px\" aria-hidden=\"true\" class=\"wp-block-spacer\"><\/div>\n\n\n\n<h2 class=\"wp-block-heading\">Wyr\u00f3\u017cnienia dla Phillips-Medisize<\/h2>\n\n\n\n<figure class=\"wp-block-gallery has-nested-images columns-default is-cropped clear-images wp-block-gallery-7 is-layout-flex\">\n<figure class=\"wp-block-image size-large clear-image\"><img decoding=\"async\" loading=\"lazy\" width=\"650\" height=\"400\" data-id=\"862\"  src=\"https:\/\/phillipsmedisize.pl\/phillips\/wp-content\/uploads\/sites\/2\/2023\/07\/Medtech-2019-Awards-650x400-1.jpg\" alt=\"\" class=\"wp-image-862\" srcset=\"https:\/\/phillipsmedisize.pl\/phillips\/wp-content\/uploads\/sites\/2\/2023\/07\/Medtech-2019-Awards-650x400-1.jpg 650w, https:\/\/phillipsmedisize.pl\/phillips\/wp-content\/uploads\/sites\/2\/2023\/07\/Medtech-2019-Awards-650x400-1-300x185.jpg 300w\" sizes=\"(max-width: 650px) 100vw, 650px\" \/><\/figure>\n\n\n\n<figure class=\"wp-block-image size-large clear-image\"><img decoding=\"async\" loading=\"lazy\" width=\"650\" height=\"400\" data-id=\"863\"  src=\"https:\/\/phillipsmedisize.pl\/phillips\/wp-content\/uploads\/sites\/2\/2023\/07\/PDA-Award-2022-hort.jpg\" alt=\"\" class=\"wp-image-863\" srcset=\"https:\/\/phillipsmedisize.pl\/phillips\/wp-content\/uploads\/sites\/2\/2023\/07\/PDA-Award-2022-hort.jpg 650w, https:\/\/phillipsmedisize.pl\/phillips\/wp-content\/uploads\/sites\/2\/2023\/07\/PDA-Award-2022-hort-300x185.jpg 300w\" sizes=\"(max-width: 650px) 100vw, 650px\" \/><\/figure>\n\n\n\n<figure class=\"wp-block-image size-large clear-image\"><img decoding=\"async\" loading=\"lazy\" width=\"650\" height=\"400\" data-id=\"864\"  src=\"https:\/\/phillipsmedisize.pl\/phillips\/wp-content\/uploads\/sites\/2\/2023\/07\/Pharmapack-2019-Awards-650x400-1.jpg\" alt=\"\" class=\"wp-image-864\" srcset=\"https:\/\/phillipsmedisize.pl\/phillips\/wp-content\/uploads\/sites\/2\/2023\/07\/Pharmapack-2019-Awards-650x400-1.jpg 650w, https:\/\/phillipsmedisize.pl\/phillips\/wp-content\/uploads\/sites\/2\/2023\/07\/Pharmapack-2019-Awards-650x400-1-300x185.jpg 300w\" sizes=\"(max-width: 650px) 100vw, 650px\" \/><\/figure>\n\n\n\n<figure class=\"wp-block-image size-large clear-image\"><img decoding=\"async\" loading=\"lazy\" width=\"650\" height=\"400\" data-id=\"865\"  src=\"https:\/\/phillipsmedisize.pl\/phillips\/wp-content\/uploads\/sites\/2\/2023\/07\/Pharmapack2022-Patient-v2.jpg\" alt=\"\" class=\"wp-image-865\" srcset=\"https:\/\/phillipsmedisize.pl\/phillips\/wp-content\/uploads\/sites\/2\/2023\/07\/Pharmapack2022-Patient-v2.jpg 650w, https:\/\/phillipsmedisize.pl\/phillips\/wp-content\/uploads\/sites\/2\/2023\/07\/Pharmapack2022-Patient-v2-300x185.jpg 300w\" sizes=\"(max-width: 650px) 100vw, 650px\" \/><\/figure>\n\n\n\n<figure class=\"wp-block-image size-large clear-image\"><img decoding=\"async\" loading=\"lazy\" width=\"650\" height=\"400\" data-id=\"866\"  src=\"https:\/\/phillipsmedisize.pl\/phillips\/wp-content\/uploads\/sites\/2\/2023\/07\/Pharmapack2022-Routes.jpg\" alt=\"\" class=\"wp-image-866\" srcset=\"https:\/\/phillipsmedisize.pl\/phillips\/wp-content\/uploads\/sites\/2\/2023\/07\/Pharmapack2022-Routes.jpg 650w, https:\/\/phillipsmedisize.pl\/phillips\/wp-content\/uploads\/sites\/2\/2023\/07\/Pharmapack2022-Routes-300x185.jpg 300w\" sizes=\"(max-width: 650px) 100vw, 650px\" \/><\/figure>\n\n\n\n<figure class=\"wp-block-image size-large clear-image\"><img decoding=\"async\" loading=\"lazy\" width=\"650\" height=\"400\" data-id=\"867\"  src=\"https:\/\/phillipsmedisize.pl\/phillips\/wp-content\/uploads\/sites\/2\/2023\/07\/CPhI-2019-Award-650x400-1.jpg\" alt=\"\" class=\"wp-image-867\" srcset=\"https:\/\/phillipsmedisize.pl\/phillips\/wp-content\/uploads\/sites\/2\/2023\/07\/CPhI-2019-Award-650x400-1.jpg 650w, https:\/\/phillipsmedisize.pl\/phillips\/wp-content\/uploads\/sites\/2\/2023\/07\/CPhI-2019-Award-650x400-1-300x185.jpg 300w\" sizes=\"(max-width: 650px) 100vw, 650px\" \/><\/figure>\n<\/figure>\n\n\n\n<p><\/p>\n\n\n\n<p><\/p>\n\n\n\n<h2 class=\"wp-block-heading\">Polityka Jako\u015bci, BHP i Ochrony \u015arodowiska<\/h2>\n\n\n\n<p><\/p>\n\n\n\n<figure class=\"wp-block-image size-large\"><img decoding=\"async\" loading=\"lazy\" width=\"1024\" height=\"819\" src=\"https:\/\/phillipsmedisize.pl\/phillips\/wp-content\/uploads\/sites\/2\/2024\/05\/Polityka-QEHS-2-1024x819.jpg\" alt=\"\" class=\"wp-image-1113\" srcset=\"https:\/\/phillipsmedisize.pl\/phillips\/wp-content\/uploads\/sites\/2\/2024\/05\/Polityka-QEHS-2-1024x819.jpg 1024w, https:\/\/phillipsmedisize.pl\/phillips\/wp-content\/uploads\/sites\/2\/2024\/05\/Polityka-QEHS-2-300x240.jpg 300w, https:\/\/phillipsmedisize.pl\/phillips\/wp-content\/uploads\/sites\/2\/2024\/05\/Polityka-QEHS-2-768x615.jpg 768w, https:\/\/phillipsmedisize.pl\/phillips\/wp-content\/uploads\/sites\/2\/2024\/05\/Polityka-QEHS-2.jpg 1417w\" sizes=\"(max-width: 1024px) 100vw, 1024px\" \/><\/figure>\n\n\n\n<p><\/p>\n\n\n\n<h2 class=\"wp-block-heading\">Certyfikaty LEED <\/h2>\n\n\n\n<h2 class=\"wp-block-heading\"> <\/h2>\n\n\n\n<figure class=\"wp-block-gallery has-nested-images columns-default is-cropped wp-block-gallery-9 is-layout-flex\">\n<figure class=\"wp-block-image size-large\"><img decoding=\"async\" loading=\"lazy\" width=\"1008\" height=\"792\" data-id=\"1114\"  src=\"https:\/\/phillipsmedisize.pl\/phillips\/wp-content\/uploads\/sites\/2\/2024\/05\/certificate_high-res-1.jpg\" alt=\"\" class=\"wp-image-1114\" srcset=\"https:\/\/phillipsmedisize.pl\/phillips\/wp-content\/uploads\/sites\/2\/2024\/05\/certificate_high-res-1.jpg 1008w, https:\/\/phillipsmedisize.pl\/phillips\/wp-content\/uploads\/sites\/2\/2024\/05\/certificate_high-res-1-300x236.jpg 300w, https:\/\/phillipsmedisize.pl\/phillips\/wp-content\/uploads\/sites\/2\/2024\/05\/certificate_high-res-1-768x603.jpg 768w\" sizes=\"(max-width: 1008px) 100vw, 1008px\" \/><\/figure>\n<\/figure>\n\n\n\n<p><\/p>\n\n\n\n<h2 class=\"wp-block-heading\">Certyfikat systemu zarz\u0105dzania jako\u015bci\u0105 ISO 13485<\/h2>\n\n\n\n<p><\/p>\n\n\n\n<figure class=\"wp-block-gallery has-nested-images columns-default is-cropped wp-block-gallery-11 is-layout-flex\">\n<figure class=\"wp-block-image size-large\"><img decoding=\"async\" loading=\"lazy\" width=\"595\" height=\"841\" data-id=\"1118\"  src=\"https:\/\/phillipsmedisize.pl\/phillips\/wp-content\/uploads\/sites\/2\/2024\/05\/Certyfikst-ISO.png\" alt=\"\" class=\"wp-image-1118\" srcset=\"https:\/\/phillipsmedisize.pl\/phillips\/wp-content\/uploads\/sites\/2\/2024\/05\/Certyfikst-ISO.png 595w, https:\/\/phillipsmedisize.pl\/phillips\/wp-content\/uploads\/sites\/2\/2024\/05\/Certyfikst-ISO-212x300.png 212w\" sizes=\"(max-width: 595px) 100vw, 595px\" \/><\/figure>\n<\/figure>\n\n\n\n<figure class=\"wp-block-image size-full\"><img decoding=\"async\" loading=\"lazy\" width=\"724\" height=\"1024\" src=\"https:\/\/phillipsmedisize.pl\/phillips\/wp-content\/uploads\/sites\/2\/2024\/12\/11024733404943396-069c583b-110249cb-4511024c-b7f5-ad9c7e11024a5788_11024.jpg\" alt=\"\" class=\"wp-image-1274\" srcset=\"https:\/\/phillipsmedisize.pl\/phillips\/wp-content\/uploads\/sites\/2\/2024\/12\/11024733404943396-069c583b-110249cb-4511024c-b7f5-ad9c7e11024a5788_11024.jpg 724w, https:\/\/phillipsmedisize.pl\/phillips\/wp-content\/uploads\/sites\/2\/2024\/12\/11024733404943396-069c583b-110249cb-4511024c-b7f5-ad9c7e11024a5788_11024-212x300.jpg 212w\" sizes=\"(max-width: 724px) 100vw, 724px\" \/><\/figure>\n\n\n\n<figure class=\"wp-block-image size-full\"><img decoding=\"async\" loading=\"lazy\" width=\"724\" height=\"1024\" src=\"https:\/\/phillipsmedisize.pl\/phillips\/wp-content\/uploads\/sites\/2\/2024\/12\/173340521024210245853-7210244daeea-621024c0-4f09-864f-ac6ad21024fa36d9_1.jpg\" alt=\"\" class=\"wp-image-1275\" srcset=\"https:\/\/phillipsmedisize.pl\/phillips\/wp-content\/uploads\/sites\/2\/2024\/12\/173340521024210245853-7210244daeea-621024c0-4f09-864f-ac6ad21024fa36d9_1.jpg 724w, https:\/\/phillipsmedisize.pl\/phillips\/wp-content\/uploads\/sites\/2\/2024\/12\/173340521024210245853-7210244daeea-621024c0-4f09-864f-ac6ad21024fa36d9_1-212x300.jpg 212w\" sizes=\"(max-width: 724px) 100vw, 724px\" \/><\/figure>\n\n\n\n<figure class=\"wp-block-image size-full\"><img decoding=\"async\" loading=\"lazy\" width=\"724\" height=\"1024\" src=\"https:\/\/phillipsmedisize.pl\/phillips\/wp-content\/uploads\/sites\/2\/2024\/12\/1731024310244053102401987-231024fc05fa-eb3102431024-476c-b91d-e3102426962ab910_1.jpg\" alt=\"\" class=\"wp-image-1276\" srcset=\"https:\/\/phillipsmedisize.pl\/phillips\/wp-content\/uploads\/sites\/2\/2024\/12\/1731024310244053102401987-231024fc05fa-eb3102431024-476c-b91d-e3102426962ab910_1.jpg 724w, https:\/\/phillipsmedisize.pl\/phillips\/wp-content\/uploads\/sites\/2\/2024\/12\/1731024310244053102401987-231024fc05fa-eb3102431024-476c-b91d-e3102426962ab910_1-212x300.jpg 212w\" sizes=\"(max-width: 724px) 100vw, 724px\" \/><\/figure>\n","protected":false},"excerpt":{"rendered":"<p>Phillips Medisize, dywizja medyczna i farmaceutyczna nale\u017c\u0105ca do Molex, b\u0119d\u0105ca cz\u0119\u015bci\u0105 grupy Koch Industries, cieszy si\u0119 zaufaniem klient\u00f3w od prawie 60 lat. Phillips-Medisize jest jednym z wiod\u0105cych globalnych dostawc\u00f3w innowacyjnych produkt\u00f3w i rozwi\u0105za\u0144 dla bran\u017cy farmaceutycznej, urz\u0105dze\u0144 medycznych i diagnostyki. Firma zatrudnia ponad 5 000 pracownik\u00f3w w 36 lokalizacjach w 11 krajach. Dzia\u0142amy jako jeden [&hellip;]<\/p>\n","protected":false},"author":1,"featured_media":791,"parent":0,"menu_order":0,"comment_status":"closed","ping_status":"closed","template":"tpl-page.php","meta":[],"acf":[],"yoast_head":"<!-- This site is optimized with the Yoast SEO plugin v20.5 - https:\/\/yoast.com\/wordpress\/plugins\/seo\/ -->\n<title>O nas \u2013 Dostawca Sprz\u0119tu Medycznego | Phillips-Medisize<\/title>\n<meta name=\"description\" content=\"Phillips-Medisize to jednen z wiod\u0105cych globalnych dostawc\u00f3w innowacyjnych produkt\u00f3w dla bran\u017cy farmaceutycznej, urz\u0105dze\u0144 medycznych i diagnostyki.\" \/>\n<meta name=\"robots\" content=\"index, follow, max-snippet:-1, max-image-preview:large, max-video-preview:-1\" \/>\n<link rel=\"canonical\" href=\"https:\/\/phillipsmedisize.pl\/phillips\/o-nas\/\" \/>\n<meta property=\"og:locale\" content=\"pl_PL\" \/>\n<meta property=\"og:type\" content=\"article\" \/>\n<meta property=\"og:title\" content=\"O nas \u2013 Dostawca Sprz\u0119tu Medycznego | Phillips-Medisize\" \/>\n<meta property=\"og:description\" content=\"Phillips-Medisize to jednen z wiod\u0105cych globalnych dostawc\u00f3w innowacyjnych produkt\u00f3w dla bran\u017cy farmaceutycznej, urz\u0105dze\u0144 medycznych i diagnostyki.\" \/>\n<meta property=\"og:url\" content=\"https:\/\/phillipsmedisize.pl\/phillips\/o-nas\/\" \/>\n<meta property=\"og:site_name\" content=\"Phillips-Medisize\" \/>\n<meta property=\"article:modified_time\" content=\"2024-12-05T13:29:06+00:00\" \/>\n<meta property=\"og:image\" content=\"https:\/\/phillipsmedisize.pl\/phillips\/wp-content\/uploads\/sites\/2\/2022\/01\/medisize.jpg\" \/>\n\t<meta property=\"og:image:width\" content=\"1200\" \/>\n\t<meta property=\"og:image:height\" content=\"628\" \/>\n\t<meta property=\"og:image:type\" content=\"image\/jpeg\" \/>\n<meta name=\"twitter:card\" content=\"summary_large_image\" \/>\n<meta name=\"twitter:image\" content=\"https:\/\/phillipsmedisize.pl\/phillips\/wp-content\/uploads\/sites\/2\/2022\/01\/medisize.jpg\" \/>\n<meta name=\"twitter:label1\" content=\"Szacowany czas czytania\" \/>\n\t<meta name=\"twitter:data1\" content=\"6 minut\" \/>\n<script type=\"application\/ld+json\" class=\"yoast-schema-graph\">{\"@context\":\"https:\/\/schema.org\",\"@graph\":[{\"@type\":\"WebPage\",\"@id\":\"https:\/\/phillipsmedisize.pl\/phillips\/o-nas\/\",\"url\":\"https:\/\/phillipsmedisize.pl\/phillips\/o-nas\/\",\"name\":\"O nas \u2013 Dostawca Sprz\u0119tu Medycznego | Phillips-Medisize\",\"isPartOf\":{\"@id\":\"https:\/\/phillipsmedisize.pl\/phillips\/#website\"},\"datePublished\":\"2021-12-09T17:07:58+00:00\",\"dateModified\":\"2024-12-05T13:29:06+00:00\",\"description\":\"Phillips-Medisize to jednen z wiod\u0105cych globalnych dostawc\u00f3w innowacyjnych produkt\u00f3w dla bran\u017cy farmaceutycznej, urz\u0105dze\u0144 medycznych i diagnostyki.\",\"inLanguage\":\"pl-PL\",\"potentialAction\":[{\"@type\":\"ReadAction\",\"target\":[\"https:\/\/phillipsmedisize.pl\/phillips\/o-nas\/\"]}]},{\"@type\":\"WebSite\",\"@id\":\"https:\/\/phillipsmedisize.pl\/phillips\/#website\",\"url\":\"https:\/\/phillipsmedisize.pl\/phillips\/\",\"name\":\"Phillips-Medisize\",\"description\":\"Projektowanie i produkcja specjalistycznych sprz\u0119t\u00f3w i narz\u0119dzi medycznych. W Phillips-Medisize k\u0142adziemy ogromny nacisk na zarz\u0105dzanie jako\u015bci\u0105 i ryzykiem.\",\"potentialAction\":[{\"@type\":\"SearchAction\",\"target\":{\"@type\":\"EntryPoint\",\"urlTemplate\":\"https:\/\/phillipsmedisize.pl\/phillips\/?s={search_term_string}\"},\"query-input\":\"required name=search_term_string\"}],\"inLanguage\":\"pl-PL\"}]}<\/script>\n<!-- \/ Yoast SEO plugin. -->","yoast_head_json":{"title":"O nas \u2013 Dostawca Sprz\u0119tu Medycznego | Phillips-Medisize","description":"Phillips-Medisize to jednen z wiod\u0105cych globalnych dostawc\u00f3w innowacyjnych produkt\u00f3w dla bran\u017cy farmaceutycznej, urz\u0105dze\u0144 medycznych i diagnostyki.","robots":{"index":"index","follow":"follow","max-snippet":"max-snippet:-1","max-image-preview":"max-image-preview:large","max-video-preview":"max-video-preview:-1"},"canonical":"https:\/\/phillipsmedisize.pl\/phillips\/o-nas\/","og_locale":"pl_PL","og_type":"article","og_title":"O nas \u2013 Dostawca Sprz\u0119tu Medycznego | Phillips-Medisize","og_description":"Phillips-Medisize to jednen z wiod\u0105cych globalnych dostawc\u00f3w innowacyjnych produkt\u00f3w dla bran\u017cy farmaceutycznej, urz\u0105dze\u0144 medycznych i diagnostyki.","og_url":"https:\/\/phillipsmedisize.pl\/phillips\/o-nas\/","og_site_name":"Phillips-Medisize","article_modified_time":"2024-12-05T13:29:06+00:00","og_image":[{"width":1200,"height":628,"url":"https:\/\/phillipsmedisize.pl\/phillips\/wp-content\/uploads\/sites\/2\/2022\/01\/medisize.jpg","type":"image\/jpeg"}],"twitter_card":"summary_large_image","twitter_image":"https:\/\/phillipsmedisize.pl\/phillips\/wp-content\/uploads\/sites\/2\/2022\/01\/medisize.jpg","twitter_misc":{"Szacowany czas czytania":"6 minut"},"schema":{"@context":"https:\/\/schema.org","@graph":[{"@type":"WebPage","@id":"https:\/\/phillipsmedisize.pl\/phillips\/o-nas\/","url":"https:\/\/phillipsmedisize.pl\/phillips\/o-nas\/","name":"O nas \u2013 Dostawca Sprz\u0119tu Medycznego | Phillips-Medisize","isPartOf":{"@id":"https:\/\/phillipsmedisize.pl\/phillips\/#website"},"datePublished":"2021-12-09T17:07:58+00:00","dateModified":"2024-12-05T13:29:06+00:00","description":"Phillips-Medisize to jednen z wiod\u0105cych globalnych dostawc\u00f3w innowacyjnych produkt\u00f3w dla bran\u017cy farmaceutycznej, urz\u0105dze\u0144 medycznych i diagnostyki.","inLanguage":"pl-PL","potentialAction":[{"@type":"ReadAction","target":["https:\/\/phillipsmedisize.pl\/phillips\/o-nas\/"]}]},{"@type":"WebSite","@id":"https:\/\/phillipsmedisize.pl\/phillips\/#website","url":"https:\/\/phillipsmedisize.pl\/phillips\/","name":"Phillips-Medisize","description":"Projektowanie i produkcja specjalistycznych sprz\u0119t\u00f3w i narz\u0119dzi medycznych. W Phillips-Medisize k\u0142adziemy ogromny nacisk na zarz\u0105dzanie jako\u015bci\u0105 i ryzykiem.","potentialAction":[{"@type":"SearchAction","target":{"@type":"EntryPoint","urlTemplate":"https:\/\/phillipsmedisize.pl\/phillips\/?s={search_term_string}"},"query-input":"required name=search_term_string"}],"inLanguage":"pl-PL"}]}},"_links":{"self":[{"href":"https:\/\/phillipsmedisize.pl\/phillips\/wp-json\/wp\/v2\/pages\/814"}],"collection":[{"href":"https:\/\/phillipsmedisize.pl\/phillips\/wp-json\/wp\/v2\/pages"}],"about":[{"href":"https:\/\/phillipsmedisize.pl\/phillips\/wp-json\/wp\/v2\/types\/page"}],"author":[{"embeddable":true,"href":"https:\/\/phillipsmedisize.pl\/phillips\/wp-json\/wp\/v2\/users\/1"}],"replies":[{"embeddable":true,"href":"https:\/\/phillipsmedisize.pl\/phillips\/wp-json\/wp\/v2\/comments?post=814"}],"version-history":[{"count":20,"href":"https:\/\/phillipsmedisize.pl\/phillips\/wp-json\/wp\/v2\/pages\/814\/revisions"}],"predecessor-version":[{"id":1277,"href":"https:\/\/phillipsmedisize.pl\/phillips\/wp-json\/wp\/v2\/pages\/814\/revisions\/1277"}],"wp:featuredmedia":[{"embeddable":true,"href":"https:\/\/phillipsmedisize.pl\/phillips\/wp-json\/wp\/v2\/media\/791"}],"wp:attachment":[{"href":"https:\/\/phillipsmedisize.pl\/phillips\/wp-json\/wp\/v2\/media?parent=814"}],"curies":[{"name":"wp","href":"https:\/\/api.w.org\/{rel}","templated":true}]}}